05-18 08:42:52.380: E/vold(26): Error opening switch name path '/sys/class/switch/test' (No such file or directory)
05-18 08:42:52.380: E/vold(26): Error bootstrapping switch '/sys/class/switch/test' (No such file or directory)
05-18 08:42:52.380: E/vold(26): Error opening switch name path '/sys/class/switch/test2' (No such file or directory)
05-18 08:42:52.380: E/vold(26): Error bootstrapping switch '/sys/class/switch/test2' (No such file or directory)
05-18 08:42:54.561: W/AudioHardwareInterface(30): Using stubbed audio hardware. No sound will be produced.
05-18 08:43:05.110: W/Zygote(29): Preloaded drawable resource #0x1080093 (res/drawable-hdpi/sym_def_app_icon.png) that varies with configuration!!
05-18 08:43:05.110: W/Zygote(29): Preloaded drawable resource #0x1080002 (res/drawable-hdpi/arrow_down_float.png) that varies with configuration!!
05-18 08:43:05.182: W/Zygote(29): Preloaded drawable resource #0x10800b4 (res/drawable/btn_check.xml) that varies with configuration!!
05-18 08:43:05.192: W/Zygote(29): Preloaded drawable resource #0x10800b7 (res/drawable-hdpi/btn_check_label_background.9.png) that varies with configuration!!
05-18 08:43:05.192: W/Zygote(29): Preloaded drawable resource #0x10800b8 (res/drawable-hdpi/btn_check_off.png) that varies with configuration!!
05-18 08:43:05.192: W/Zygote(29): Preloaded drawable resource #0x10800bd (res/drawable-hdpi/btn_check_on.png) that varies with configuration!!
05-18 08:43:05.225: W/Zygote(29): Preloaded drawable resource #0x1080004 (res/drawable/btn_default.xml) that varies with configuration!!
05-18 08:43:05.252: W/Zygote(29): Preloaded drawable resource #0x1080005 (res/drawable/btn_default_small.xml) that varies with configuration!!
05-18 08:43:05.321: W/Zygote(29): Preloaded drawable resource #0x1080006 (res/drawable/btn_dropdown.xml) that varies with configuration!!
05-18 08:43:05.380: W/Zygote(29): Preloaded drawable resource #0x1080008 (res/drawable/btn_plus.xml) that varies with configuration!!
05-18 08:43:05.522: W/Zygote(29): Preloaded drawable resource #0x1080007 (res/drawable/btn_minus.xml) that varies with configuration!!
05-18 08:43:05.581: W/Zygote(29): Preloaded drawable resource #0x1080009 (res/drawable/btn_radio.xml) that varies with configuration!!
05-18 08:43:05.661: W/Zygote(29): Preloaded drawable resource #0x108000a (res/drawable/btn_star.xml) that varies with configuration!!
05-18 08:43:05.733: W/Zygote(29): Preloaded drawable resource #0x1080125 (res/drawable/btn_toggle.xml) that varies with configuration!!
05-18 08:43:05.733: W/Zygote(29): Preloaded drawable resource #0x1080187 (res/drawable-hdpi/ic_emergency.png) that varies with configuration!!
05-18 08:43:05.745: W/Zygote(29): Preloaded drawable resource #0x1080012 (res/drawable-hdpi/divider_horizontal_bright.9.png) that varies with configuration!!
05-18 08:43:05.745: W/Zygote(29): Preloaded drawable resource #0x1080014 (res/drawable-hdpi/divider_horizontal_dark.9.png) that varies with configuration!!
05-18 08:43:05.807: W/Zygote(29): Preloaded drawable resource #0x1080016 (res/drawable/edit_text.xml) that varies with configuration!!
05-18 08:43:05.807: W/Zygote(29): Preloaded drawable resource #0x1080161 (res/drawable/expander_group.xml) that varies with configuration!!
05-18 08:43:05.861: W/Zygote(29): Preloaded drawable resource #0x1080062 (res/drawable/list_selector_background.xml) that varies with configuration!!
05-18 08:43:05.872: W/Zygote(29): Preloaded drawable resource #0x1080217 (res/drawable-hdpi/menu_background.9.png) that varies with configuration!!
05-18 08:43:05.872: W/Zygote(29): Preloaded drawable resource #0x1080218 (res/drawable-hdpi/menu_background_fill_parent_width.9.png) that varies with configuration!!
05-18 08:43:05.963: W/Zygote(29): Preloaded drawable resource #0x1080219 (res/drawable/menu_selector.xml) that varies with configuration!!
05-18 08:43:05.963: W/Zygote(29): Preloaded drawable resource #0x1080224 (res/drawable-hdpi/panel_background.9.png) that varies with configuration!!
05-18 08:43:05.981: W/Zygote(29): Preloaded drawable resource #0x108022e (res/drawable-hdpi/popup_bottom_bright.9.png) that varies with configuration!!
05-18 08:43:05.981: W/Zygote(29): Preloaded drawable resource #0x108022f (res/drawable-hdpi/popup_bottom_dark.9.png) that varies with configuration!!
05-18 08:43:05.993: W/Zygote(29): Preloaded drawable resource #0x1080230 (res/drawable-hdpi/popup_bottom_medium.9.png) that varies with configuration!!
05-18 08:43:05.993: W/Zygote(29): Preloaded drawable resource #0x1080231 (res/drawable-hdpi/popup_center_bright.9.png) that varies with configuration!!
05-18 08:43:05.993: W/Zygote(29): Preloaded drawable resource #0x1080232 (res/drawable-hdpi/popup_center_dark.9.png) that varies with configuration!!
05-18 08:43:06.011: W/Zygote(29): Preloaded drawable resource #0x1080235 (res/drawable-hdpi/popup_full_dark.9.png) that varies with configuration!!
05-18 08:43:06.011: W/Zygote(29): Preloaded drawable resource #0x1080238 (res/drawable-hdpi/popup_top_bright.9.png) that varies with configuration!!
05-18 08:43:06.021: W/Zygote(29): Preloaded drawable resource #0x1080239 (res/drawable-hdpi/popup_top_dark.9.png) that varies with configuration!!
05-18 08:43:06.050: W/Zygote(29): Preloaded drawable resource #0x108006d (res/drawable/progress_indeterminate_horizontal.xml) that varies with configuration!!
05-18 08:43:06.050: W/Zygote(29): Preloaded drawable resource #0x108023f (res/drawable/progress_small.xml) that varies with configuration!!
05-18 08:43:06.050: W/Zygote(29): Preloaded drawable resource #0x1080240 (res/drawable/progress_small_titlebar.xml) that varies with configuration!!
05-18 08:43:06.232: W/Zygote(29): Preloaded drawable resource #0x1080262 (res/drawable-hdpi/scrollbar_handle_horizontal.9.png) that varies with configuration!!
05-18 08:43:06.254: W/Zygote(29): Preloaded drawable resource #0x1080263 (res/drawable-hdpi/scrollbar_handle_vertical.9.png) that varies with configuration!!
05-18 08:43:06.260: W/Zygote(29): Preloaded drawable resource #0x1080071 (res/drawable/spinner_dropdown_background.xml) that varies with configuration!!
05-18 08:43:06.280: W/Zygote(29): Preloaded drawable resource #0x1080326 (res/drawable-hdpi/title_bar_shadow.9.png) that varies with configuration!!
05-18 08:43:06.280: W/Zygote(29): Preloaded drawable resource #0x10801c6 (res/drawable-hdpi/indicator_code_lock_drag_direction_green_up.png) that varies with configuration!!
05-18 08:43:06.280: W/Zygote(29): Preloaded drawable resource #0x10801c7 (res/drawable-hdpi/indicator_code_lock_drag_direction_red_up.png) that varies with configuration!!
05-18 08:43:06.292: W/Zygote(29): Preloaded drawable resource #0x10801c8 (res/drawable-hdpi/indicator_code_lock_point_area_default.png) that varies with configuration!!
05-18 08:43:06.351: W/Zygote(29): Preloaded drawable resource #0x10801c9 (res/drawable-hdpi/indicator_code_lock_point_area_green.png) that varies with configuration!!
05-18 08:43:06.380: W/Zygote(29): Preloaded drawable resource #0x10801ca (res/drawable-hdpi/indicator_code_lock_point_area_red.png) that varies with configuration!!
05-18 08:43:07.021: E/BatteryService(58): usbOnlinePath not found
05-18 08:43:07.021: E/BatteryService(58): batteryVoltagePath not found
05-18 08:43:07.021: E/BatteryService(58): batteryTemperaturePath not found
05-18 08:43:07.040: E/SurfaceFlinger(58): Couldn't open /sys/power/wait_for_fb_sleep or /sys/power/wait_for_fb_wake
05-18 08:43:07.690: W/zipro(68): Unable to open zip '/data/local/bootanimation.zip': No such file or directory
05-18 08:43:07.690: W/zipro(68): Unable to open zip '/system/media/bootanimation.zip': No such file or directory
05-18 08:43:08.542: W/PackageManager(58): Running ENG build: no pre-dexopt!
05-18 08:43:11.142: W/PackageParser(58): No actions in intent filter at /data/app/ApiDemos.apk Binary XML file line #1718
05-18 08:43:11.142: W/PackageParser(58): No actions in intent filter at /data/app/ApiDemos.apk Binary XML file line #1724
05-18 08:43:11.151: W/PackageManager(58): Package com.example.android.apis desires unavailable shared library com.example.will.never.exist; ignoring!
05-18 08:43:11.241: W/PackageManager(58): Unknown permission com.google.android.providers.gmail.permission.WRITE_GMAIL in package com.android.settings
05-18 08:43:11.241: W/PackageManager(58): Unknown permission com.google.android.providers.gmail.permission.READ_GMAIL in package com.android.settings
05-18 08:43:11.241: W/PackageManager(58): Unknown permission com.google.android.googleapps.permission.GOOGLE_AUTH in package com.android.settings
05-18 08:43:11.241: W/PackageManager(58): Unknown permission com.google.android.googleapps.permission.GOOGLE_AUTH in package com.android.providers.contacts
05-18 08:43:11.241: W/PackageManager(58): Unknown permission com.google.android.googleapps.permission.GOOGLE_AUTH.cp in package com.android.providers.contacts
05-18 08:43:11.241: W/PackageManager(58): Unknown permission com.google.android.googleapps.permission.GOOGLE_AUTH.mail in package com.android.contacts
05-18 08:43:11.241: W/PackageManager(58): Unknown permission android.permission.ADD_SYSTEM_SERVICE in package com.android.phone
05-18 08:43:11.241: W/PackageManager(58): Unknown permission com.google.android.googleapps.permission.GOOGLE_AUTH in package com.android.development
05-18 08:43:11.241: W/PackageManager(58): Unknown permission com.google.android.googleapps.permission.GOOGLE_AUTH.ALL_SERVICES in package com.android.development
05-18 08:43:11.241: W/PackageManager(58): Unknown permission com.google.android.googleapps.permission.GOOGLE_AUTH.YouTubeUser in package com.android.development
05-18 08:43:11.241: W/PackageManager(58): Unknown permission com.google.android.googleapps.permission.ACCESS_GOOGLE_PASSWORD in package com.android.development
05-18 08:43:11.254: W/PackageManager(58): Unknown permission com.google.android.googleapps.permission.GOOGLE_AUTH in package com.android.browser
05-18 08:43:11.494: W/ResourceType(58): Resources don't contain package for resource number 0x7f0700e5
05-18 08:43:11.494: W/ResourceType(58): Resources don't contain package for resource number 0x7f020031
05-18 08:43:11.494: W/ResourceType(58): Resources don't contain package for resource number 0x7f020030
05-18 08:43:11.494: W/ResourceType(58): Resources don't contain package for resource number 0x7f050000
05-18 08:43:12.201: E/EventHub(58): could not get driver version for /dev/input/mouse0, Not a typewriter
05-18 08:43:12.201: E/EventHub(58): could not get driver version for /dev/input/mice, Not a typewriter
05-18 08:43:12.942: E/System(58): Failure starting core service
05-18 08:43:12.942: E/System(58): java.lang.SecurityException
05-18 08:43:12.942: E/System(58): at android.os.BinderProxy.transact(Native Method)
05-18 08:43:12.942: E/System(58): at android.os.ServiceManagerProxy.addService(ServiceManagerNative.java:146)
05-18 08:43:12.942: E/System(58): at android.os.ServiceManager.addService(ServiceManager.java:72)
05-18 08:43:12.942: E/System(58): at com.android.server.ServerThread.run(SystemServer.java:176)
05-18 08:43:12.971: E/AndroidRuntime(58): Crash logging skipped, no checkin service
05-18 08:43:13.344: W/ResourceType(58): Resources don't contain package for resource number 0x7f060000
05-18 08:43:13.355: W/ResourceType(58): Resources don't contain package for resource number 0x7f060001
05-18 08:43:13.540: W/ActivityManager(58): Unable to start service Intent { cmp=com.google.android.server.checkin/.CheckinService }: not found
05-18 08:43:13.540: W/SystemServer(58): Using fallback Checkin Service.
05-18 08:43:13.560: W/GpsLocationProvider(58): Could not open GPS configuration file /etc/gps.conf
05-18 08:43:13.780: W/AudioService(58): Soundpool could not load file: /system/media/audio/ui/Effect_Tick.ogg
05-18 08:43:13.780: W/AudioService(58): Soundpool could not load file: /system/media/audio/ui/KeypressStandard.ogg
05-18 08:43:13.780: W/AudioService(58): Soundpool could not load file: /system/media/audio/ui/KeypressSpacebar.ogg
05-18 08:43:13.780: W/AudioService(58): Soundpool could not load file: /system/media/audio/ui/KeypressDelete.ogg
05-18 08:43:13.780: W/AudioService(58): Soundpool could not load file: /system/media/audio/ui/KeypressReturn.ogg
05-18 08:43:13.790: W/HeadsetObserver(58): This kernel does not have wired headset support
05-18 08:43:13.790: W/DockObserver(58): This kernel does not have dock station support
05-18 08:43:13.843: W/ActivityManager(58): Unable to start service Intent { cmp=com.google.android.backup/.BackupTransportService }: not found
05-18 08:43:14.081: W/ResourceType(58): Resources don't contain package for resource number 0x7f030000
05-18 08:43:14.091: W/ResourceType(58): Resources don't contain package for resource number 0x7f030003
05-18 08:43:14.124: W/ResourceType(58): Resources don't contain package for resource number 0x7f030034
05-18 08:43:14.864: W/ResourceType(58): Resources don't contain package for resource number 0x7f030012
05-18 08:43:14.880: W/ResourceType(58): Resources don't contain package for resource number 0x7f03000a
05-18 08:43:15.160: W/StatusBar(58): No icon ID for slot ime
05-18 08:43:21.640: W/dalvikvm(58): threadid=39: spin on suspend #0 threadid=21 (h=1178912)
05-18 08:43:21.640: W/dalvikvm(58): dumping state: process - 58
05-18 08:43:21.732: W/dalvikvm(58): threadid=39: spin on suspend resolved in 351 msec
05-18 08:43:23.020: W/ContactAggregator(104): No more aggregation requests
05-18 08:43:24.851: W/ActivityManager(58): Unable to start service Intent { act=com.android.ussd.IExtendedNetworkService }: not found
05-18 08:43:24.915: W/SystemClock(100): Unable to set rtc to 1337330604: Invalid argument
05-18 08:43:26.791: E/AndroidRuntime(127): ERROR: thread attach failed
05-18 08:43:29.021: W/ResourceType(58): Resources don't contain package for resource number 0x7f0700e5
05-18 08:43:29.021: W/ResourceType(58): Resources don't contain package for resource number 0x7f020031
05-18 08:43:29.021: W/ResourceType(58): Resources don't contain package for resource number 0x7f020030
05-18 08:43:29.021: W/ResourceType(58): Resources don't contain package for resource number 0x7f050000
05-18 08:43:29.204: W/ResourceType(58): Resources don't contain package for resource number 0x7f060000
05-18 08:43:29.310: W/BackupManagerService(58): dataChanged but no participant pkg='com.android.providers.settings' uid=10017
05-18 08:43:29.381: W/ResourceType(58): Resources don't contain package for resource number 0x7f060001
05-18 08:43:29.501: E/ActivityThread(100): Failed to find provider info for android.server.checkin
05-18 08:43:29.501: W/Checkin(100): Can't update stat PHONE_GSM_REGISTERED: java.lang.IllegalArgumentException: Unknown URL content://android.server.checkin/stats
05-18 08:43:30.171: W/ResourceType(58): Resources don't contain package for resource number 0x7f0700e5
05-18 08:43:30.171: W/ResourceType(58): Resources don't contain package for resource number 0x7f020031
05-18 08:43:30.181: W/ResourceType(58): Resources don't contain package for resource number 0x7f020030
05-18 08:43:30.181: W/ResourceType(58): Resources don't contain package for resource number 0x7f050000
05-18 08:43:30.181: W/ResourceType(58): Resources don't contain package for resource number 0x7f060000
05-18 08:43:30.181: W/ResourceType(58): Resources don't contain package for resource number 0x7f060001
05-18 08:43:30.470: W/BackupManagerService(58): dataChanged but no participant pkg='com.android.providers.settings' uid=1001
05-18 08:43:31.055: W/ResourceType(58): Resources don't contain package for resource number 0x7f03000a
05-18 08:43:31.072: W/ResourceType(58): Resources don't contain package for resource number 0x7f030012
05-18 08:43:31.151: W/ResourceType(58): Resources don't contain package for resource number 0x7f030034
05-18 08:43:31.162: W/ResourceType(58): Resources don't contain package for resource number 0x7f030003
05-18 08:43:31.162: W/ResourceType(58): Resources don't contain package for resource number 0x7f030000
05-18 08:43:31.481: E/ActivityThread(100): Failed to find provider info for android.server.checkin
05-18 08:43:31.481: W/Checkin(100): Can't update stat PHONE_GPRS_ATTEMPTED: java.lang.IllegalArgumentException: Unknown URL content://android.server.checkin/stats
05-18 08:43:31.701: E/ActivityThread(100): Failed to find provider info for android.server.checkin
05-18 08:43:31.701: W/Checkin(100): Can't update stat PHONE_GPRS_CONNECTED: java.lang.IllegalArgumentException: Unknown URL content://android.server.checkin/stats
05-18 08:43:35.821: E/AndroidRuntime(158): ERROR: thread attach failed
05-18 08:43:36.280: E/vold(26): Cannot start volume '/sdcard' (volume is not bound)
05-18 08:43:36.664: E/MediaPlayerService(30): Couldn't open fd for content://settings/system/notification_sound
05-18 08:43:36.682: E/MediaPlayer(58): Unable to to create media player
05-18 08:43:36.682: W/NotificationService(58): error loading sound for content://settings/system/notification_sound
05-18 08:43:36.682: W/NotificationService(58): java.io.IOException: setDataSource failed.: status=0x80000000
05-18 08:43:36.682: W/NotificationService(58): at android.media.MediaPlayer.setDataSource(Native Method)
05-18 08:43:36.682: W/NotificationService(58): at android.media.MediaPlayer.setDataSource(MediaPlayer.java:699)
05-18 08:43:36.682: W/NotificationService(58): at android.media.AsyncPlayer.startSound(AsyncPlayer.java:62)
05-18 08:43:36.682: W/NotificationService(58): at android.media.AsyncPlayer.access$200(AsyncPlayer.java:33)
05-18 08:43:36.682: W/NotificationService(58): at android.media.AsyncPlayer$Thread.run(AsyncPlayer.java:99)
05-18 08:43:37.541: W/System.err(190): Aucun serveur ŕ l'écoute du port 49655
05-18 08:43:39.333: W/BackupManagerService(58): dataChanged but no participant pkg='com.android.providers.settings' uid=10017
05-18 08:43:39.430: W/BackupManagerService(58): dataChanged but no participant pkg='com.android.providers.settings' uid=10017