04-08 22:22:27.064 2846-3561/com.google.android.gms E/SystemUpdateTask: exception trying to cancel scheduled update java.io.IOException: Failed to invoke RecoverySystem.cancelScheduledUpdate
at xae.c(:com.google.android.gms:140)
at afuw.d(:com.google.android.gms:195)
at afuw.p(:com.google.android.gms:2178)
at afuw.a(:com.google.android.gms:448)
at afuw.doInBackground(:com.google.android.gms:50475)
at android.os.AsyncTask$2.call(AsyncTask.java:305)
at java.util.concurrent.FutureTask.run(FutureTask.java:237)
at java.lang.Thread.run(Thread.java:761)
04-08 22:22:29.328 2781-3536/com.google.android.gms.persistent E/NetworkScheduler.SR: Invalid parameter app
04-08 22:22:29.328 2781-3536/com.google.android.gms.persistent E/NetworkScheduler.SR: Invalid package name : Perhaps you didn't include a PendingIntent in the extras?
04-08 22:22:29.782 2846-3585/com.google.android.gms E/ActivityThread: Failed to find provider info for com.google.android.wearable.settings
04-08 22:22:30.334 2846-3001/com.google.android.gms E/Drive.UninstallOperation: Package still installed com.android.smi.myapplication3
04-08 22:22:30.872 2798-2844/com.google.android.googlequicksearchbox:search E/ActivityThread: Failed to find provider info for com.google.android.apps.gsa.testing.ui.audio.recorded
04-08 22:22:30.885 3614-3621/com.svox.pico E/art: Failed sending reply to debugger: Broken pipe
04-08 22:22:30.982 2781-3536/com.google.android.gms.persistent E/NetworkScheduler.SR: Invalid parameter app
04-08 22:22:30.982 2781-3536/com.google.android.gms.persistent E/NetworkScheduler.SR: Invalid package name : Perhaps you didn't include a PendingIntent in the extras?
04-08 22:22:33.225 3637-3637/? E/cutils-trace: Error opening trace file: Permission denied (13)
04-08 22:22:35.898 2798-2844/com.google.android.googlequicksearchbox:search E/ActivityThread: Failed to find provider info for com.google.android.apps.gsa.testing.ui.audio.recorded
04-08 22:22:37.358 2846-3585/com.google.android.gms E/ActivityThread: Failed to find provider info for com.google.android.wearable.settings
04-08 22:22:40.938 2798-2882/com.google.android.googlequicksearchbox:search E/AudioRecord: Could not get audio input for session 233, record source 1999, sample rate 16000, format 0x1, channel mask 0x10, flags 0
04-08 22:22:40.941 2798-2882/com.google.android.googlequicksearchbox:search E/AudioRecord-JNI: Error creating AudioRecord instance: initialization check failed with status -22.
04-08 22:22:40.941 2798-2882/com.google.android.googlequicksearchbox:search E/android.media.AudioRecord: Error code -20 when initializing native AudioRecord object.
04-08 22:22:40.942 2798-2882/com.google.android.googlequicksearchbox:search E/ActivityThread: Failed to find provider info for com.google.android.apps.gsa.testing.ui.audio.recorded
04-08 22:22:45.990 2798-2882/com.google.android.googlequicksearchbox:search E/AudioRecord: Could not get audio input for session 241, record source 1999, sample rate 16000, format 0x1, channel mask 0x10, flags 0
04-08 22:22:45.991 2798-2882/com.google.android.googlequicksearchbox:search E/AudioRecord-JNI: Error creating AudioRecord instance: initialization check failed with status -22.
04-08 22:22:45.991 2798-2882/com.google.android.googlequicksearchbox:search E/android.media.AudioRecord: Error code -20 when initializing native AudioRecord object.
04-08 22:22:45.992 2798-2882/com.google.android.googlequicksearchbox:search E/ActivityThread: Failed to find provider info for com.google.android.apps.gsa.testing.ui.audio.recorded
04-08 22:22:51.033 2798-2882/com.google.android.googlequicksearchbox:search E/AudioRecord: Could not get audio input for session 249, record source 1999, sample rate 16000, format 0x1, channel mask 0x10, flags 0
04-08 22:22:51.034 2798-2882/com.google.android.googlequicksearchbox:search E/AudioRecord-JNI: Error creating AudioRecord instance: initialization check failed with status -22.
04-08 22:22:51.034 2798-2882/com.google.android.googlequicksearchbox:search E/android.media.AudioRecord: Error code -20 when initializing native AudioRecord object.
04-08 22:22:51.035 2798-2882/com.google.android.googlequicksearchbox:search E/ActivityThread: Failed to find provider info for com.google.android.apps.gsa.testing.ui.audio.recorded
04-08 22:22:56.078 2798-2882/com.google.android.googlequicksearchbox:search E/AudioRecord: Could not get audio input for session 257, record source 1999, sample rate 16000, format 0x1, channel mask 0x10, flags 0
04-08 22:22:56.080 2798-2882/com.google.android.googlequicksearchbox:search E/AudioRecord-JNI: Error creating AudioRecord instance: initialization check failed with status -22.
04-08 22:22:56.081 2798-2882/com.google.android.googlequicksearchbox:search E/android.media.AudioRecord: Error code -20 when initializing native AudioRecord object.
04-08 22:22:56.084 2798-2882/com.google.android.googlequicksearchbox:search E/ActivityThread: Failed to find provider info for com.google.android.apps.gsa.testing.ui.audio.recorded
04-08 22:23:01.137 2798-2882/com.google.android.googlequicksearchbox:search E/AudioRecord: Could not get audio input for session 265, record source 1999, sample rate 16000, format 0x1, channel mask 0x10, flags 0
04-08 22:23:01.138 2798-2882/com.google.android.googlequicksearchbox:search E/AudioRecord-JNI: Error creating AudioRecord instance: initialization check failed with status -22.
04-08 22:23:01.138 2798-2882/com.google.android.googlequicksearchbox:search E/android.media.AudioRecord: Error code -20 when initializing native AudioRecord object.
04-08 22:23:01.140 2798-2882/com.google.android.googlequicksearchbox:search E/ActivityThread: Failed to find provider info for com.google.android.apps.gsa.testing.ui.audio.recorded
04-08 22:23:06.208 2798-2882/com.google.android.googlequicksearchbox:search E/AudioRecord: Could not get audio input for session 273, record source 1999, sample rate 16000, format 0x1, channel mask 0x10, flags 0
04-08 22:23:06.208 2798-2882/com.google.android.googlequicksearchbox:search E/AudioRecord-JNI: Error creating AudioRecord instance: initialization check failed with status -22.
04-08 22:23:06.208 2798-2882/com.google.android.googlequicksearchbox:search E/android.media.AudioRecord: Error code -20 when initializing native AudioRecord object.
04-08 22:23:06.210 2798-2882/com.google.android.googlequicksearchbox:search E/ActivityThread: Failed to find provider info for com.google.android.apps.gsa.testing.ui.audio.recorded
04-08 22:23:08.763 2781-3058/com.google.android.gms.persistent E/NetworkScheduler.ATC: Provided calling package not found: com.google.android.apps.photos
04-08 22:23:11.259 2798-2882/com.google.android.googlequicksearchbox:search E/AudioRecord: Could not get audio input for session 281, record source 1999, sample rate 16000, format 0x1, channel mask 0x10, flags 0
04-08 22:23:11.260 2798-2882/com.google.android.googlequicksearchbox:search E/AudioRecord-JNI: Error creating AudioRecord instance: initialization check failed with status -22.
04-08 22:23:11.260 2798-2882/com.google.android.googlequicksearchbox:search E/android.media.AudioRecord: Error code -20 when initializing native AudioRecord object.
04-08 22:23:11.261 2798-2882/com.google.android.googlequicksearchbox:search E/ActivityThread: Failed to find provider info for com.google.android.apps.gsa.testing.ui.audio.recorded
04-08 22:23:16.312 2798-2882/com.google.android.googlequicksearchbox:search E/AudioRecord: Could not get audio input for session 289, record source 1999, sample rate 16000, format 0x1, channel mask 0x10, flags 0
04-08 22:23:16.313 2798-2882/com.google.android.googlequicksearchbox:search E/AudioRecord-JNI: Error creating AudioRecord instance: initialization check failed with status -22.
04-08 22:23:16.313 2798-2882/com.google.android.googlequicksearchbox:search E/android.media.AudioRecord: Error code -20 when initializing native AudioRecord object.
04-08 22:23:16.313 2798-2882/com.google.android.googlequicksearchbox:search E/ActivityThread: Failed to find provider info for com.google.android.apps.gsa.testing.ui.audio.recorded
04-08 22:23:21.366 2798-2882/com.google.android.googlequicksearchbox:search E/AudioRecord: Could not get audio input for session 297, record source 1999, sample rate 16000, format 0x1, channel mask 0x10, flags 0
04-08 22:23:21.367 2798-2882/com.google.android.googlequicksearchbox:search E/AudioRecord-JNI: Error creating AudioRecord instance: initialization check failed with status -22.
04-08 22:23:21.367 2798-2882/com.google.android.googlequicksearchbox:search E/android.media.AudioRecord: Error code -20 when initializing native AudioRecord object.
04-08 22:23:21.367 2798-2882/com.google.android.googlequicksearchbox:search E/ActivityThread: Failed to find provider info for com.google.android.apps.gsa.testing.ui.audio.recorded
04-08 22:23:26.398 2798-2882/com.google.android.googlequicksearchbox:search E/AudioRecord: Could not get audio input for session 305, record source 1999, sample rate 16000, format 0x1, channel mask 0x10, flags 0
04-08 22:23:26.399 2798-2882/com.google.android.googlequicksearchbox:search E/AudioRecord-JNI: Error creating AudioRecord instance: initialization check failed with status -22.
04-08 22:23:26.400 2798-2882/com.google.android.googlequicksearchbox:search E/android.media.AudioRecord: Error code -20 when initializing native AudioRecord object.
04-08 22:23:26.401 2798-2882/com.google.android.googlequicksearchbox:search E/ActivityThread: Failed to find provider info for com.google.android.apps.gsa.testing.ui.audio.recorded
04-08 22:23:31.448 2798-2882/com.google.android.googlequicksearchbox:search E/AudioRecord: Could not get audio input for session 313, record source 1999, sample rate 16000, format 0x1, channel mask 0x10, flags 0
04-08 22:23:31.449 2798-2882/com.google.android.googlequicksearchbox:search E/AudioRecord-JNI: Error creating AudioRecord instance: initialization check failed with status -22.
04-08 22:23:31.449 2798-2882/com.google.android.googlequicksearchbox:search E/android.media.AudioRecord: Error code -20 when initializing native AudioRecord object.
04-08 22:23:31.449 2798-2882/com.google.android.googlequicksearchbox:search E/ActivityThread: Failed to find provider info for com.google.android.apps.gsa.testing.ui.audio.recorded
04-08 22:23:35.405 2781-2781/com.google.android.gms.persistent E/BluetoothAdapter: Bluetooth binder is null
04-08 22:23:35.994 2781-3168/com.google.android.gms.persistent E/BluetoothAdapter: Bluetooth binder is null
04-08 22:23:36.111 2846-3759/com.google.android.gms E/MDM: [312] SitrepChimeraService.a: No Google accounts; deferring server state update.
04-08 22:23:36.234 2846-3811/com.google.android.gms E/MDM: [345] vce.a: Couldn't connect to Google API client: jug{statusCode=API_UNAVAILABLE, resolution=null, message=null}
04-08 22:23:36.257 2781-2781/com.google.android.gms.persistent E/BluetoothAdapter: Bluetooth binder is null
04-08 22:23:36.257 2781-2781/com.google.android.gms.persistent E/BluetoothAdapter: Bluetooth binder is null
04-08 22:23:36.496 2798-2882/com.google.android.googlequicksearchbox:search E/AudioRecord: Could not get audio input for session 321, record source 1999, sample rate 16000, format 0x1, channel mask 0x10, flags 0
04-08 22:23:36.504 2798-2882/com.google.android.googlequicksearchbox:search E/AudioRecord-JNI: Error creating AudioRecord instance: initialization check failed with status -22.
04-08 22:23:36.504 2798-2882/com.google.android.googlequicksearchbox:search E/android.media.AudioRecord: Error code -20 when initializing native AudioRecord object.
04-08 22:23:36.505 2798-2882/com.google.android.googlequicksearchbox:search E/ActivityThread: Failed to find provider info for com.google.android.apps.gsa.testing.ui.audio.recorded
04-08 22:23:36.544 3785-3785/? E/uncrypt: failed to clear bootloader message: failed to find /misc partition
04-08 22:23:36.544 1745-2102/system_process E/RecoverySystemService: uncrypt failed with status: -1
04-08 22:23:36.547 2846-3783/com.google.android.gms E/SystemUpdateService: Failed to call RecoverySystem.cancelScheduledUpdate java.lang.reflect.InvocationTargetException
at java.lang.reflect.Method.invoke(Native Method)
at xae.c(:com.google.android.gms:134)
at afuw.d(:com.google.android.gms:195)
at afuw.p(:com.google.android.gms:2178)
at afuw.a(:com.google.android.gms:448)
at afuw.doInBackground(:com.google.android.gms:50475)
at android.os.AsyncTask$2.call(AsyncTask.java:305)
at java.util.concurrent.FutureTask.run(FutureTask.java:237)
at java.lang.Thread.run(Thread.java:761)
Caused by: java.io.IOException: cancel scheduled update failed
at android.os.RecoverySystem.cancelScheduledUpdate(RecoverySystem.java:563)
at java.lang.reflect.Method.invoke(Native Method) 
at xae.c(:com.google.android.gms:134) 
at afuw.d(:com.google.android.gms:195) 
at afuw.p(:com.google.android.gms:2178) 
at afuw.a(:com.google.android.gms:448) 
at afuw.doInBackground(:com.google.android.gms:50475) 
at android.os.AsyncTask$2.call(AsyncTask.java:305) 
at java.util.concurrent.FutureTask.run(FutureTask.java:237) 
at java.lang.Thread.run(Thread.java:761) 
04-08 22:23:36.547 2846-3783/com.google.android.gms E/SystemUpdateTask: exception trying to cancel scheduled update java.io.IOException: Failed to invoke RecoverySystem.cancelScheduledUpdate
at xae.c(:com.google.android.gms:140)
at afuw.d(:com.google.android.gms:195)
at afuw.p(:com.google.android.gms:2178)
at afuw.a(:com.google.android.gms:448)
at afuw.doInBackground(:com.google.android.gms:50475)
at android.os.AsyncTask$2.call(AsyncTask.java:305)
at java.util.concurrent.FutureTask.run(FutureTask.java:237)
at java.lang.Thread.run(Thread.java:761)
04-08 22:23:41.544 2798-2882/com.google.android.googlequicksearchbox:search E/AudioRecord: Could not get audio input for session 329, record source 1999, sample rate 16000, format 0x1, channel mask 0x10, flags 0
04-08 22:23:41.544 2798-2882/com.google.android.googlequicksearchbox:search E/AudioRecord-JNI: Error creating AudioRecord instance: initialization check failed with status -22.
04-08 22:23:41.544 2798-2882/com.google.android.googlequicksearchbox:search E/android.media.AudioRecord: Error code -20 when initializing native AudioRecord object.
04-08 22:23:41.546 2798-2882/com.google.android.googlequicksearchbox:search E/ActivityThread: Failed to find provider info for com.google.android.apps.gsa.testing.ui.audio.recorded
04-08 22:23:46.576 2798-2882/com.google.android.googlequicksearchbox:search E/AudioRecord: Could not get audio input for session 337, record source 1999, sample rate 16000, format 0x1, channel mask 0x10, flags 0
04-08 22:23:46.577 2798-2882/com.google.android.googlequicksearchbox:search E/AudioRecord-JNI: Error creating AudioRecord instance: initialization check failed with status -22.
04-08 22:23:46.577 2798-2882/com.google.android.googlequicksearchbox:search E/android.media.AudioRecord: Error code -20 when initializing native AudioRecord object.
04-08 22:23:46.578 2798-2882/com.google.android.googlequicksearchbox:search E/ActivityThread: Failed to find provider info for com.google.android.apps.gsa.testing.ui.audio.recorded
04-08 22:23:51.621 2798-2882/com.google.android.googlequicksearchbox:search E/AudioRecord: Could not get audio input for session 345, record source 1999, sample rate 16000, format 0x1, channel mask 0x10, flags 0
04-08 22:23:51.622 2798-2882/com.google.android.googlequicksearchbox:search E/AudioRecord-JNI: Error creating AudioRecord instance: initialization check failed with status -22.
04-08 22:23:51.622 2798-2882/com.google.android.googlequicksearchbox:search E/android.media.AudioRecord: Error code -20 when initializing native AudioRecord object.
04-08 22:23:51.624 2798-2882/com.google.android.googlequicksearchbox:search E/ActivityThread: Failed to find provider info for com.google.android.apps.gsa.testing.ui.audio.recorded
04-08 22:23:56.722 2798-2882/com.google.android.googlequicksearchbox:search E/AudioRecord: Could not get audio input for session 353, record source 1999, sample rate 16000, format 0x1, channel mask 0x10, flags 0
04-08 22:23:56.725 2798-2882/com.google.android.googlequicksearchbox:search E/AudioRecord-JNI: Error creating AudioRecord instance: initialization check failed with status -22.
04-08 22:23:56.725 2798-2882/com.google.android.googlequicksearchbox:search E/android.media.AudioRecord: Error code -20 when initializing native AudioRecord object.
04-08 22:23:56.726 2798-2882/com.google.android.googlequicksearchbox:search E/ActivityThread: Failed to find provider info for com.google.android.apps.gsa.testing.ui.audio.recorded
04-08 22:24:01.758 2798-2882/com.google.android.googlequicksearchbox:search E/AudioRecord: Could not get audio input for session 361, record source 1999, sample rate 16000, format 0x1, channel mask 0x10, flags 0
04-08 22:24:01.760 2798-2882/com.google.android.googlequicksearchbox:search E/AudioRecord-JNI: Error creating AudioRecord instance: initialization check failed with status -22.
04-08 22:24:01.760 2798-2882/com.google.android.googlequicksearchbox:search E/android.media.AudioRecord: Error code -20 when initializing native AudioRecord object.
04-08 22:24:01.762 2798-2882/com.google.android.googlequicksearchbox:search E/ActivityThread: Failed to find provider info for com.google.android.apps.gsa.testing.ui.audio.recorded
04-08 22:24:06.823 2798-2882/com.google.android.googlequicksearchbox:search E/AudioRecord: Could not get audio input for session 369, record source 1999, sample rate 16000, format 0x1, channel mask 0x10, flags 0
04-08 22:24:06.824 2798-2882/com.google.android.googlequicksearchbox:search E/AudioRecord-JNI: Error creating AudioRecord instance: initialization check failed with status -22.
04-08 22:24:06.824 2798-2882/com.google.android.googlequicksearchbox:search E/android.media.AudioRecord: Error code -20 when initializing native AudioRecord object.
04-08 22:24:06.825 2798-2882/com.google.android.googlequicksearchbox:search E/ActivityThread: Failed to find provider info for com.google.android.apps.gsa.testing.ui.audio.recorded
04-08 22:24:11.871 2798-2882/com.google.android.googlequicksearchbox:search E/AudioRecord: Could not get audio input for session 377, record source 1999, sample rate 16000, format 0x1, channel mask 0x10, flags 0
04-08 22:24:11.872 2798-2882/com.google.android.googlequicksearchbox:search E/AudioRecord-JNI: Error creating AudioRecord instance: initialization check failed with status -22.
04-08 22:24:11.873 2798-2882/com.google.android.googlequicksearchbox:search E/android.media.AudioRecord: Error code -20 when initializing native AudioRecord object.
04-08 22:24:11.875 2798-2882/com.google.android.googlequicksearchbox:search E/ActivityThread: Failed to find provider info for com.google.android.apps.gsa.testing.ui.audio.recorded
04-08 22:24:16.934 2798-2882/com.google.android.googlequicksearchbox:search E/AudioRecord: Could not get audio input for session 385, record source 1999, sample rate 16000, format 0x1, channel mask 0x10, flags 0
04-08 22:24:16.935 2798-2882/com.google.android.googlequicksearchbox:search E/AudioRecord-JNI: Error creating AudioRecord instance: initialization check failed with status -22.
04-08 22:24:16.936 2798-2882/com.google.android.googlequicksearchbox:search E/android.media.AudioRecord: Error code -20 when initializing native AudioRecord object.
04-08 22:24:16.938 2798-2882/com.google.android.googlequicksearchbox:search E/ActivityThread: Failed to find provider info for com.google.android.apps.gsa.testing.ui.audio.recorded
04-08 22:24:21.989 2798-2882/com.google.android.googlequicksearchbox:search E/AudioRecord: Could not get audio input for session 393, record source 1999, sample rate 16000, format 0x1, channel mask 0x10, flags 0
04-08 22:24:21.990 2798-2882/com.google.android.googlequicksearchbox:search E/AudioRecord-JNI: Error creating AudioRecord instance: initialization check failed with status -22.
04-08 22:24:21.990 2798-2882/com.google.android.googlequicksearchbox:search E/android.media.AudioRecord: Error code -20 when initializing native AudioRecord object.
04-08 22:24:21.990 2798-2882/com.google.android.googlequicksearchbox:search E/ActivityThread: Failed to find provider info for com.google.android.apps.gsa.testing.ui.audio.recorded
04-08 22:24:27.031 2798-2882/com.google.android.googlequicksearchbox:search E/AudioRecord: Could not get audio input for session 401, record source 1999, sample rate 16000, format 0x1, channel mask 0x10, flags 0
04-08 22:24:27.033 2798-2882/com.google.android.googlequicksearchbox:search E/AudioRecord-JNI: Error creating AudioRecord instance: initialization check failed with status -22.
04-08 22:24:27.033 2798-2882/com.google.android.googlequicksearchbox:search E/android.media.AudioRecord: Error code -20 when initializing native AudioRecord object.
04-08 22:24:27.037 2798-2882/com.google.android.googlequicksearchbox:search E/ActivityThread: Failed to find provider info for com.google.android.apps.gsa.testing.ui.audio.recorded
04-08 22:24:32.081 2798-2882/com.google.android.googlequicksearchbox:search E/AudioRecord: Could not get audio input for session 409, record source 1999, sample rate 16000, format 0x1, channel mask 0x10, flags 0
04-08 22:24:32.082 2798-2882/com.google.android.googlequicksearchbox:search E/AudioRecord-JNI: Error creating AudioRecord instance: initialization check failed with status -22.
04-08 22:24:32.082 2798-2882/com.google.android.googlequicksearchbox:search E/android.media.AudioRecord: Error code -20 when initializing native AudioRecord object.
04-08 22:24:32.083 2798-2882/com.google.android.googlequicksearchbox:search E/ActivityThread: Failed to find provider info for com.google.android.apps.gsa.testing.ui.audio.recorded
04-08 22:24:37.151 2798-2882/com.google.android.googlequicksearchbox:search E/AudioRecord: Could not get audio input for session 417, record source 1999, sample rate 16000, format 0x1, channel mask 0x10, flags 0
04-08 22:24:37.152 2798-2882/com.google.android.googlequicksearchbox:search E/AudioRecord-JNI: Error creating AudioRecord instance: initialization check failed with status -22.
04-08 22:24:37.152 2798-2882/com.google.android.googlequicksearchbox:search E/android.media.AudioRecord: Error code -20 when initializing native AudioRecord object.
04-08 22:24:37.154 2798-2882/com.google.android.googlequicksearchbox:search E/ActivityThread: Failed to find provider info for com.google.android.apps.gsa.testing.ui.audio.recorded
04-08 22:24:38.309 2781-3058/com.google.android.gms.persistent E/NetworkScheduler.ATC: Provided calling package not found: com.google.android.apps.photos
04-08 22:24:42.198 2798-2882/com.google.android.googlequicksearchbox:search E/AudioRecord: Could not get audio input for session 425, record source 1999, sample rate 16000, format 0x1, channel mask 0x10, flags 0
04-08 22:24:42.198 2798-2882/com.google.android.googlequicksearchbox:search E/AudioRecord-JNI: Error creating AudioRecord instance: initialization check failed with status -22.
04-08 22:24:42.199 2798-2882/com.google.android.googlequicksearchbox:search E/android.media.AudioRecord: Error code -20 when initializing native AudioRecord object.
04-08 22:24:42.202 2798-2882/com.google.android.googlequicksearchbox:search E/ActivityThread: Failed to find provider info for com.google.android.apps.gsa.testing.ui.audio.recorded
04-08 22:24:47.260 2798-2882/com.google.android.googlequicksearchbox:search E/AudioRecord: Could not get audio input for session 433, record source 1999, sample rate 16000, format 0x1, channel mask 0x10, flags 0
04-08 22:24:47.263 2798-2882/com.google.android.googlequicksearchbox:search E/AudioRecord-JNI: Error creating AudioRecord instance: initialization check failed with status -22.
04-08 22:24:47.263 2798-2882/com.google.android.googlequicksearchbox:search E/android.media.AudioRecord: Error code -20 when initializing native AudioRecord object.
04-08 22:24:47.265 2798-2882/com.google.android.googlequicksearchbox:search E/ActivityThread: Failed to find provider info for com.google.android.apps.gsa.testing.ui.audio.recorded
04-08 22:24:52.302 2798-2882/com.google.android.googlequicksearchbox:search E/AudioRecord: Could not get audio input for session 441, record source 1999, sample rate 16000, format 0x1, channel mask 0x10, flags 0
04-08 22:24:52.305 2798-2882/com.google.android.googlequicksearchbox:search E/AudioRecord-JNI: Error creating AudioRecord instance: initialization check failed with status -22.
04-08 22:24:52.305 2798-2882/com.google.android.googlequicksearchbox:search E/android.media.AudioRecord: Error code -20 when initializing native AudioRecord object.
04-08 22:24:52.306 2798-2882/com.google.android.googlequicksearchbox:search E/ActivityThread: Failed to find provider info for com.google.android.apps.gsa.testing.ui.audio.recorded
04-08 22:24:57.379 2798-2882/com.google.android.googlequicksearchbox:search E/AudioRecord: Could not get audio input for session 449, record source 1999, sample rate 16000, format 0x1, channel mask 0x10, flags 0
04-08 22:24:57.379 2798-2882/com.google.android.googlequicksearchbox:search E/AudioRecord-JNI: Error creating AudioRecord instance: initialization check failed with status -22.
04-08 22:24:57.379 2798-2882/com.google.android.googlequicksearchbox:search E/android.media.AudioRecord: Error code -20 when initializing native AudioRecord object.
04-08 22:24:57.382 2798-2882/com.google.android.googlequicksearchbox:search E/ActivityThread: Failed to find provider info for com.google.android.apps.gsa.testing.ui.audio.recorded
04-08 22:25:02.428 2798-2882/com.google.android.googlequicksearchbox:search E/AudioRecord: Could not get audio input for session 457, record source 1999, sample rate 16000, format 0x1, channel mask 0x10, flags 0
04-08 22:25:02.429 2798-2882/com.google.android.googlequicksearchbox:search E/AudioRecord-JNI: Error creating AudioRecord instance: initialization check failed with status -22.
04-08 22:25:02.429 2798-2882/com.google.android.googlequicksearchbox:search E/android.media.AudioRecord: Error code -20 when initializing native AudioRecord object.
04-08 22:25:02.429 2798-2882/com.google.android.googlequicksearchbox:search E/ActivityThread: Failed to find provider info for com.google.android.apps.gsa.testing.ui.audio.recorded
04-08 22:25:07.455 2798-2882/com.google.android.googlequicksearchbox:search E/AudioRecord: Could not get audio input for session 465, record source 1999, sample rate 16000, format 0x1, channel mask 0x10, flags 0
04-08 22:25:07.455 2798-2882/com.google.android.googlequicksearchbox:search E/AudioRecord-JNI: Error creating AudioRecord instance: initialization check failed with status -22.
04-08 22:25:07.455 2798-2882/com.google.android.googlequicksearchbox:search E/android.media.AudioRecord: Error code -20 when initializing native AudioRecord object.
04-08 22:25:07.456 2798-2882/com.google.android.googlequicksearchbox:search E/ActivityThread: Failed to find provider info for com.google.android.apps.gsa.testing.ui.audio.recorded
04-08 22:25:12.502 2798-2882/com.google.android.googlequicksearchbox:search E/AudioRecord: Could not get audio input for session 473, record source 1999, sample rate 16000, format 0x1, channel mask 0x10, flags 0
04-08 22:25:12.503 2798-2882/com.google.android.googlequicksearchbox:search E/AudioRecord-JNI: Error creating AudioRecord instance: initialization check failed with status -22.
04-08 22:25:12.503 2798-2882/com.google.android.googlequicksearchbox:search E/android.media.AudioRecord: Error code -20 when initializing native AudioRecord object.
04-08 22:25:12.504 2798-2882/com.google.android.googlequicksearchbox:search E/ActivityThread: Failed to find provider info for com.google.android.apps.gsa.testing.ui.audio.recorded
04-08 22:25:17.550 2798-2882/com.google.android.googlequicksearchbox:search E/AudioRecord: Could not get audio input for session 481, record source 1999, sample rate 16000, format 0x1, channel mask 0x10, flags 0
04-08 22:25:17.581 2798-2882/com.google.android.googlequicksearchbox:search E/AudioRecord-JNI: Error creating AudioRecord instance: initialization check failed with status -22.
04-08 22:25:17.581 2798-2882/com.google.android.googlequicksearchbox:search E/android.media.AudioRecord: Error code -20 when initializing native AudioRecord object.
04-08 22:25:17.582 2798-2882/com.google.android.googlequicksearchbox:search E/ActivityThread: Failed to find provider info for com.google.android.apps.gsa.testing.ui.audio.recorded
04-08 22:25:22.629 2798-2882/com.google.android.googlequicksearchbox:search E/AudioRecord: Could not get audio input for session 489, record source 1999, sample rate 16000, format 0x1, channel mask 0x10, flags 0
04-08 22:25:22.632 2798-2882/com.google.android.googlequicksearchbox:search E/AudioRecord-JNI: Error creating AudioRecord instance: initialization check failed with status -22.
04-08 22:25:22.632 2798-2882/com.google.android.googlequicksearchbox:search E/android.media.AudioRecord: Error code -20 when initializing native AudioRecord object.
04-08 22:25:22.634 2798-2882/com.google.android.googlequicksearchbox:search E/ActivityThread: Failed to find provider info for com.google.android.apps.gsa.testing.ui.audio.recorded
04-08 22:25:27.709 2798-2882/com.google.android.googlequicksearchbox:search E/AudioRecord: Could not get audio input for session 497, record source 1999, sample rate 16000, format 0x1, channel mask 0x10, flags 0
04-08 22:25:27.716 2798-2882/com.google.android.googlequicksearchbox:search E/AudioRecord-JNI: Error creating AudioRecord instance: initialization check failed with status -22.
04-08 22:25:27.717 2798-2882/com.google.android.googlequicksearchbox:search E/android.media.AudioRecord: Error code -20 when initializing native AudioRecord object.
04-08 22:25:27.718 2798-2882/com.google.android.googlequicksearchbox:search E/ActivityThread: Failed to find provider info for com.google.android.apps.gsa.testing.ui.audio.recorded
04-08 22:25:32.772 2798-2882/com.google.android.googlequicksearchbox:search E/AudioRecord: Could not get audio input for session 505, record source 1999, sample rate 16000, format 0x1, channel mask 0x10, flags 0
04-08 22:25:32.772 2798-2882/com.google.android.googlequicksearchbox:search E/AudioRecord-JNI: Error creating AudioRecord instance: initialization check failed with status -22.
04-08 22:25:32.772 2798-2882/com.google.android.googlequicksearchbox:search E/android.media.AudioRecord: Error code -20 when initializing native AudioRecord object.
04-08 22:25:32.774 2798-2882/com.google.android.googlequicksearchbox:search E/ActivityThread: Failed to find provider info for com.google.android.apps.gsa.testing.ui.audio.recorded
04-08 22:25:37.841 2798-2882/com.google.android.googlequicksearchbox:search E/AudioRecord: Could not get audio input for session 513, record source 1999, sample rate 16000, format 0x1, channel mask 0x10, flags 0
04-08 22:25:37.843 2798-2882/com.google.android.googlequicksearchbox:search E/AudioRecord-JNI: Error creating AudioRecord instance: initialization check failed with status -22.
04-08 22:25:37.843 2798-2882/com.google.android.googlequicksearchbox:search E/android.media.AudioRecord: Error code -20 when initializing native AudioRecord object.
04-08 22:25:37.844 2798-2882/com.google.android.googlequicksearchbox:search E/ActivityThread: Failed to find provider info for com.google.android.apps.gsa.testing.ui.audio.recorded
04-08 22:25:42.893 2798-2882/com.google.android.googlequicksearchbox:search E/AudioRecord: Could not get audio input for session 521, record source 1999, sample rate 16000, format 0x1, channel mask 0x10, flags 0
04-08 22:25:42.893 2798-2882/com.google.android.googlequicksearchbox:search E/AudioRecord-JNI: Error creating AudioRecord instance: initialization check failed with status -22.
04-08 22:25:42.894 2798-2882/com.google.android.googlequicksearchbox:search E/android.media.AudioRecord: Error code -20 when initializing native AudioRecord object.
04-08 22:25:42.895 2798-2882/com.google.android.googlequicksearchbox:search E/ActivityThread: Failed to find provider info for com.google.android.apps.gsa.testing.ui.audio.recorded
04-08 22:25:47.956 2798-2882/com.google.android.googlequicksearchbox:search E/AudioRecord: Could not get audio input for session 529, record source 1999, sample rate 16000, format 0x1, channel mask 0x10, flags 0
04-08 22:25:47.958 2798-2882/com.google.android.googlequicksearchbox:search E/AudioRecord-JNI: Error creating AudioRecord instance: initialization check failed with status -22.
04-08 22:25:47.958 2798-2882/com.google.android.googlequicksearchbox:search E/android.media.AudioRecord: Error code -20 when initializing native AudioRecord object.
04-08 22:25:47.959 2798-2882/com.google.android.googlequicksearchbox:search E/ActivityThread: Failed to find provider info for com.google.android.apps.gsa.testing.ui.audio.recorded
04-08 22:25:53.012 2798-2882/com.google.android.googlequicksearchbox:search E/AudioRecord: Could not get audio input for session 537, record source 1999, sample rate 16000, format 0x1, channel mask 0x10, flags 0
04-08 22:25:53.013 2798-2882/com.google.android.googlequicksearchbox:search E/AudioRecord-JNI: Error creating AudioRecord instance: initialization check failed with status -22.
04-08 22:25:53.015 2798-2882/com.google.android.googlequicksearchbox:search E/android.media.AudioRecord: Error code -20 when initializing native AudioRecord object.
04-08 22:25:53.017 2798-2882/com.google.android.googlequicksearchbox:search E/ActivityThread: Failed to find provider info for com.google.android.apps.gsa.testing.ui.audio.recorded
04-08 22:25:58.053 2798-2882/com.google.android.googlequicksearchbox:search E/AudioRecord: Could not get audio input for session 545, record source 1999, sample rate 16000, format 0x1, channel mask 0x10, flags 0
04-08 22:25:58.055 2798-2882/com.google.android.googlequicksearchbox:search E/AudioRecord-JNI: Error creating AudioRecord instance: initialization check failed with status -22.
04-08 22:25:58.055 2798-2882/com.google.android.googlequicksearchbox:search E/android.media.AudioRecord: Error code -20 when initializing native AudioRecord object.
04-08 22:25:58.056 2798-2882/com.google.android.googlequicksearchbox:search E/ActivityThread: Failed to find provider info for com.google.android.apps.gsa.testing.ui.audio.recorded
04-08 22:26:03.121 2798-2882/com.google.android.googlequicksearchbox:search E/AudioRecord: Could not get audio input for session 553, record source 1999, sample rate 16000, format 0x1, channel mask 0x10, flags 0
04-08 22:26:03.122 2798-2882/com.google.android.googlequicksearchbox:search E/AudioRecord-JNI: Error creating AudioRecord instance: initialization check failed with status -22.
04-08 22:26:03.122 2798-2882/com.google.android.googlequicksearchbox:search E/android.media.AudioRecord: Error code -20 when initializing native AudioRecord object.
04-08 22:26:03.122 2798-2882/com.google.android.googlequicksearchbox:search E/ActivityThread: Failed to find provider info for com.google.android.apps.gsa.testing.ui.audio.recorded
04-08 22:26:08.163 2798-2882/com.google.android.googlequicksearchbox:search E/AudioRecord: Could not get audio input for session 561, record source 1999, sample rate 16000, format 0x1, channel mask 0x10, flags 0
04-08 22:26:08.165 2798-2882/com.google.android.googlequicksearchbox:search E/AudioRecord-JNI: Error creating AudioRecord instance: initialization check failed with status -22.
04-08 22:26:08.165 2798-2882/com.google.android.googlequicksearchbox:search E/android.media.AudioRecord: Error code -20 when initializing native AudioRecord object.
04-08 22:26:08.167 2798-2882/com.google.android.googlequicksearchbox:search E/ActivityThread: Failed to find provider info for com.google.android.apps.gsa.testing.ui.audio.recorded
04-08 22:26:13.211 2798-2882/com.google.android.googlequicksearchbox:search E/AudioRecord: Could not get audio input for session 569, record source 1999, sample rate 16000, format 0x1, channel mask 0x10, flags 0
04-08 22:26:13.213 2798-2882/com.google.android.googlequicksearchbox:search E/AudioRecord-JNI: Error creating AudioRecord instance: initialization check failed with status -22.
04-08 22:26:13.213 2798-2882/com.google.android.googlequicksearchbox:search E/android.media.AudioRecord: Error code -20 when initializing native AudioRecord object.
04-08 22:26:13.215 2798-2882/com.google.android.googlequicksearchbox:search E/ActivityThread: Failed to find provider info for com.google.android.apps.gsa.testing.ui.audio.recorded
04-08 22:26:18.262 2798-2882/com.google.android.googlequicksearchbox:search E/AudioRecord: Could not get audio input for session 577, record source 1999, sample rate 16000, format 0x1, channel mask 0x10, flags 0
04-08 22:26:18.263 2798-2882/com.google.android.googlequicksearchbox:search E/AudioRecord-JNI: Error creating AudioRecord instance: initialization check failed with status -22.
04-08 22:26:18.263 2798-2882/com.google.android.googlequicksearchbox:search E/android.media.AudioRecord: Error code -20 when initializing native AudioRecord object.
04-08 22:26:18.265 2798-2882/com.google.android.googlequicksearchbox:search E/ActivityThread: Failed to find provider info for com.google.android.apps.gsa.testing.ui.audio.recorded
04-08 22:26:23.330 2798-2882/com.google.android.googlequicksearchbox:search E/AudioRecord: Could not get audio input for session 585, record source 1999, sample rate 16000, format 0x1, channel mask 0x10, flags 0
04-08 22:26:23.334 2798-2882/com.google.android.googlequicksearchbox:search E/AudioRecord-JNI: Error creating AudioRecord instance: initialization check failed with status -22.
04-08 22:26:23.335 2798-2882/com.google.android.googlequicksearchbox:search E/android.media.AudioRecord: Error code -20 when initializing native AudioRecord object.
04-08 22:26:23.339 2798-2882/com.google.android.googlequicksearchbox:search E/ActivityThread: Failed to find provider info for com.google.android.apps.gsa.testing.ui.audio.recorded
04-08 22:26:28.420 2798-2882/com.google.android.googlequicksearchbox:search E/AudioRecord: Could not get audio input for session 593, record source 1999, sample rate 16000, format 0x1, channel mask 0x10, flags 0
04-08 22:26:28.422 2798-2882/com.google.android.googlequicksearchbox:search E/AudioRecord-JNI: Error creating AudioRecord instance: initialization check failed with status -22.
04-08 22:26:28.422 2798-2882/com.google.android.googlequicksearchbox:search E/android.media.AudioRecord: Error code -20 when initializing native AudioRecord object.
04-08 22:26:28.423 2798-2882/com.google.android.googlequicksearchbox:search E/ActivityThread: Failed to find provider info for com.google.android.apps.gsa.testing.ui.audio.recorded
04-08 22:26:33.487 2798-2882/com.google.android.googlequicksearchbox:search E/AudioRecord: Could not get audio input for session 601, record source 1999, sample rate 16000, format 0x1, channel mask 0x10, flags 0
04-08 22:26:33.488 2798-2882/com.google.android.googlequicksearchbox:search E/AudioRecord-JNI: Error creating AudioRecord instance: initialization check failed with status -22.
04-08 22:26:33.489 2798-2882/com.google.android.googlequicksearchbox:search E/android.media.AudioRecord: Error code -20 when initializing native AudioRecord object.
04-08 22:26:33.490 2798-2882/com.google.android.googlequicksearchbox:search E/ActivityThread: Failed to find provider info for com.google.android.apps.gsa.testing.ui.audio.recorded
04-08 22:26:38.531 2798-2882/com.google.android.googlequicksearchbox:search E/AudioRecord: Could not get audio input for session 609, record source 1999, sample rate 16000, format 0x1, channel mask 0x10, flags 0
04-08 22:26:38.533 2798-2882/com.google.android.googlequicksearchbox:search E/AudioRecord-JNI: Error creating AudioRecord instance: initialization check failed with status -22.
04-08 22:26:38.533 2798-2882/com.google.android.googlequicksearchbox:search E/android.media.AudioRecord: Error code -20 when initializing native AudioRecord object.
04-08 22:26:38.535 2798-2882/com.google.android.googlequicksearchbox:search E/ActivityThread: Failed to find provider info for com.google.android.apps.gsa.testing.ui.audio.recorded
04-08 22:26:38.647 2781-2781/com.google.android.gms.persistent E/BluetoothAdapter: Bluetooth binder is null
04-08 22:26:39.499 2846-4021/com.google.android.gms E/MDM: [371] SitrepChimeraService.a: No Google accounts; deferring server state update.
04-08 22:26:39.539 2781-4057/com.google.android.gms.persistent E/BluetoothAdapter: Bluetooth binder is null
04-08 22:26:39.575 2846-4058/com.google.android.gms E/MDM: [393] vce.a: Couldn't connect to Google API client: jug{statusCode=API_UNAVAILABLE, resolution=null, message=null}
04-08 22:26:39.800 2781-2781/com.google.android.gms.persistent E/BluetoothAdapter: Bluetooth binder is null
04-08 22:26:39.800 2781-2781/com.google.android.gms.persistent E/BluetoothAdapter: Bluetooth binder is null
04-08 22:26:39.802 4037-4037/? E/uncrypt: failed to clear bootloader message: failed to find /misc partition
04-08 22:26:39.803 1745-3653/system_process E/RecoverySystemService: uncrypt failed with status: -1
04-08 22:26:39.825 2846-4036/com.google.android.gms E/SystemUpdateService: Failed to call RecoverySystem.cancelScheduledUpdate java.lang.reflect.InvocationTargetException
at java.lang.reflect.Method.invoke(Native Method)
at xae.c(:com.google.android.gms:134)
at afuw.d(:com.google.android.gms:195)
at afuw.p(:com.google.android.gms:2178)
at afuw.a(:com.google.android.gms:448)
at afuw.doInBackground(:com.google.android.gms:50475)
at android.os.AsyncTask$2.call(AsyncTask.java:305)
at java.util.concurrent.FutureTask.run(FutureTask.java:237)
at java.lang.Thread.run(Thread.java:761)
Caused by: java.io.IOException: cancel scheduled update failed
at android.os.RecoverySystem.cancelScheduledUpdate(RecoverySystem.java:563)
at java.lang.reflect.Method.invoke(Native Method) 
at xae.c(:com.google.android.gms:134) 
at afuw.d(:com.google.android.gms:195) 
at afuw.p(:com.google.android.gms:2178) 
at afuw.a(:com.google.android.gms:448) 
at afuw.doInBackground(:com.google.android.gms:50475) 
at android.os.AsyncTask$2.call(AsyncTask.java:305) 
at java.util.concurrent.FutureTask.run(FutureTask.java:237) 
at java.lang.Thread.run(Thread.java:761) 
04-08 22:26:39.825 2846-4036/com.google.android.gms E/SystemUpdateTask: exception trying to cancel scheduled update java.io.IOException: Failed to invoke RecoverySystem.cancelScheduledUpdate
at xae.c(:com.google.android.gms:140)
at afuw.d(:com.google.android.gms:195)
at afuw.p(:com.google.android.gms:2178)
at afuw.a(:com.google.android.gms:448)
at afuw.doInBackground(:com.google.android.gms:50475)
at android.os.AsyncTask$2.call(AsyncTask.java:305)
at java.util.concurrent.FutureTask.run(FutureTask.java:237)
at java.lang.Thread.run(Thread.java:761)
04-08 22:26:43.571 2798-2882/com.google.android.googlequicksearchbox:search E/AudioRecord: Could not get audio input for session 617, record source 1999, sample rate 16000, format 0x1, channel mask 0x10, flags 0
04-08 22:26:43.571 2798-2882/com.google.android.googlequicksearchbox:search E/AudioRecord-JNI: Error creating AudioRecord instance: initialization check failed with status -22.
04-08 22:26:43.572 2798-2882/com.google.android.googlequicksearchbox:search E/android.media.AudioRecord: Error code -20 when initializing native AudioRecord object.
04-08 22:26:43.573 2798-2882/com.google.android.googlequicksearchbox:search E/ActivityThread: Failed to find provider info for com.google.android.apps.gsa.testing.ui.audio.recorded
04-08 22:26:48.620 2798-2882/com.google.android.googlequicksearchbox:search E/AudioRecord: Could not get audio input for session 625, record source 1999, sample rate 16000, format 0x1, channel mask 0x10, flags 0
04-08 22:26:48.623 2798-2882/com.google.android.googlequicksearchbox:search E/AudioRecord-JNI: Error creating AudioRecord instance: initialization check failed with status -22.
04-08 22:26:48.623 2798-2882/com.google.android.googlequicksearchbox:search E/android.media.AudioRecord: Error code -20 when initializing native AudioRecord object.
04-08 22:26:48.626 2798-2882/com.google.android.googlequicksearchbox:search E/ActivityThread: Failed to find provider info for com.google.android.apps.gsa.testing.ui.audio.recorded
04-08 22:26:53.676 2798-2882/com.google.android.googlequicksearchbox:search E/AudioRecord: Could not get audio input for session 633, record source 1999, sample rate 16000, format 0x1, channel mask 0x10, flags 0
04-08 22:26:53.678 2798-2882/com.google.android.googlequicksearchbox:search E/AudioRecord-JNI: Error creating AudioRecord instance: initialization check failed with status -22.
04-08 22:26:53.678 2798-2882/com.google.android.googlequicksearchbox:search E/android.media.AudioRecord: Error code -20 when initializing native AudioRecord object.
04-08 22:26:53.679 2798-2882/com.google.android.googlequicksearchbox:search E/ActivityThread: Failed to find provider info for com.google.android.apps.gsa.testing.ui.audio.recorded
04-08 22:26:58.725 2798-2882/com.google.android.googlequicksearchbox:search E/AudioRecord: Could not get audio input for session 641, record source 1999, sample rate 16000, format 0x1, channel mask 0x10, flags 0
04-08 22:26:58.726 2798-2882/com.google.android.googlequicksearchbox:search E/AudioRecord-JNI: Error creating AudioRecord instance: initialization check failed with status -22.
04-08 22:26:58.726 2798-2882/com.google.android.googlequicksearchbox:search E/android.media.AudioRecord: Error code -20 when initializing native AudioRecord object.
04-08 22:26:58.727 2798-2882/com.google.android.googlequicksearchbox:search E/ActivityThread: Failed to find provider info for com.google.android.apps.gsa.testing.ui.audio.recorded
04-08 22:27:03.774 2798-2882/com.google.android.googlequicksearchbox:search E/AudioRecord: Could not get audio input for session 649, record source 1999, sample rate 16000, format 0x1, channel mask 0x10, flags 0
04-08 22:27:03.775 2798-2882/com.google.android.googlequicksearchbox:search E/AudioRecord-JNI: Error creating AudioRecord instance: initialization check failed with status -22.
04-08 22:27:03.775 2798-2882/com.google.android.googlequicksearchbox:search E/android.media.AudioRecord: Error code -20 when initializing native AudioRecord object.
04-08 22:27:03.778 2798-2882/com.google.android.googlequicksearchbox:search E/ActivityThread: Failed to find provider info for com.google.android.apps.gsa.testing.ui.audio.recorded
04-08 22:27:08.831 2798-2882/com.google.android.googlequicksearchbox:search E/AudioRecord: Could not get audio input for session 657, record source 1999, sample rate 16000, format 0x1, channel mask 0x10, flags 0
04-08 22:27:08.832 2798-2882/com.google.android.googlequicksearchbox:search E/AudioRecord-JNI: Error creating AudioRecord instance: initialization check failed with status -22.
04-08 22:27:08.832 2798-2882/com.google.android.googlequicksearchbox:search E/android.media.AudioRecord: Error code -20 when initializing native AudioRecord object.
04-08 22:27:08.833 2798-2882/com.google.android.googlequicksearchbox:search E/ActivityThread: Failed to find provider info for com.google.android.apps.gsa.testing.ui.audio.recorded
04-08 22:27:11.562 2781-3058/com.google.android.gms.persistent E/NetworkScheduler.ATC: Provided calling package not found: com.google.android.apps.photos
04-08 22:27:13.889 2798-2882/com.google.android.googlequicksearchbox:search E/AudioRecord: Could not get audio input for session 665, record source 1999, sample rate 16000, format 0x1, channel mask 0x10, flags 0
04-08 22:27:13.890 2798-2882/com.google.android.googlequicksearchbox:search E/AudioRecord-JNI: Error creating AudioRecord instance: initialization check failed with status -22.
04-08 22:27:13.891 2798-2882/com.google.android.googlequicksearchbox:search E/android.media.AudioRecord: Error code -20 when initializing native AudioRecord object.
04-08 22:27:13.893 2798-2882/com.google.android.googlequicksearchbox:search E/ActivityThread: Failed to find provider info for com.google.android.apps.gsa.testing.ui.audio.recorded
04-08 22:27:18.960 2798-2882/com.google.android.googlequicksearchbox:search E/AudioRecord: Could not get audio input for session 673, record source 1999, sample rate 16000, format 0x1, channel mask 0x10, flags 0
04-08 22:27:18.960 2798-2882/com.google.android.googlequicksearchbox:search E/AudioRecord-JNI: Error creating AudioRecord instance: initialization check failed with status -22.
04-08 22:27:18.960 2798-2882/com.google.android.googlequicksearchbox:search E/android.media.AudioRecord: Error code -20 when initializing native AudioRecord object.
04-08 22:27:18.961 2798-2882/com.google.android.googlequicksearchbox:search E/ActivityThread: Failed to find provider info for com.google.android.apps.gsa.testing.ui.audio.recorded
04-08 22:27:24.013 2798-2882/com.google.android.googlequicksearchbox:search E/AudioRecord: Could not get audio input for session 681, record source 1999, sample rate 16000, format 0x1, channel mask 0x10, flags 0
04-08 22:27:24.014 2798-2882/com.google.android.googlequicksearchbox:search E/AudioRecord-JNI: Error creating AudioRecord instance: initialization check failed with status -22.
04-08 22:27:24.015 2798-2882/com.google.android.googlequicksearchbox:search E/android.media.AudioRecord: Error code -20 when initializing native AudioRecord object.
04-08 22:27:24.018 2798-2882/com.google.android.googlequicksearchbox:search E/ActivityThread: Failed to find provider info for com.google.android.apps.gsa.testing.ui.audio.recorded
04-08 22:27:29.086 2798-2882/com.google.android.googlequicksearchbox:search E/AudioRecord: Could not get audio input for session 689, record source 1999, sample rate 16000, format 0x1, channel mask 0x10, flags 0
